Let p(n) = -n**2 + 17*n - 5. Suppose 2903 = -10*k + 3023. Calculate p(k).
55
Let x(z) be the third derivative of z**5/60 + 3*z**4/4 - 64*z**3/3 - 2*z**2 + 64*z. Let i(q) be the first derivative of x(q). What is i(-8)?
2
Suppose 5*n + 16 = -5*t - 14, -3*n = 5*t + 24. Let j be t - (0 + 1 + -1 - 6). Let k(q) = q - j*q + 5*q - 2*q + 4. Calculate k(-4).
0
Let p(f) be the second derivative of 13*f**4/12 - 2*f**3/3 + 2*f**2 - 2*f + 932. What is p(2)?
48
Let i(p) = 11*p + 96. Suppose 7*w - 53 = 11*w + 3*t, 21 = -3*w + 4*t. What is i(w)?
-25
Let g(v) be the first derivative of -v**3/3 + 5*v**2/2 + 30*v - 2558. Give g(-3).
6
Let x be -2 + 0 + 1 - -1. Let o = 1 + x. Let g(j) = 24 + 15 - 54 + 16 - 17*j. Determine g(o).
-16
Let m(r) be the first derivative of -2*r**2 - 6*r - 1414. Give m(-1).
-2
Let p(v) = -v**3 + v**2 - 27. Suppose -95*l = -3*j - 97*l - 2, 4*j = 2*l + 2. What is p(j)?
-27
Let a = -29586 - -29589. Let h(c) = -c**2 + 7*c - 7. Let t be h(5). Let z(m) = -m**2 + 4 - t + 10*m - 4*m. Calculate z(a).
10
Let l(j) = 20*j**3 + 7*j**2 - 4*j - 16. Let r(q) = 47*q**3 + 19*q**2 - 8*q - 34. Let t(y) = -7*l(y) + 3*r(y). What is t(-7)?
31
Let z(y) = y**3 - 4*y**2 - 3*y + 42. Let r(h) = -5*h**3 + 22*h**2 + 16*h - 209. Let k(o) = -2*r(o) - 11*z(o). Give k(0).
-44
Let x(a) = -38*a**3. Let v(b) = -b**2 - 11*b + 10. Let o be v(-9). Suppose o*z - 2 = 30*z. Determine x(z).
38
Suppose 6*h + 12 = -30. Let g(m) = -3*m**2 + 5*m + 1. Let o(l) = -5*l**2 + 9*l + 2. Let i(f) = h*g(f) + 4*o(f). What is i(3)?
13
Suppose 7014 = x + 7017. Let q(a) = 6*a + a**2 + 4 + 0*a - 2. What is q(x)?
-7
Let z(y) = y**3 - 3*y**2 - 3*y - 4. Let o(q) = -2*q**2 - 2*q**2 + q**3 + 38*q - 42*q - 12 + 7. Let u(a) = 5*o(a) - 4*z(a). Calculate u(9).
0
Suppose -14*a - 3838 = -3978. Let y(r) = r**3 - 13*r**2 + 32*r + 1. What is y(a)?
21
Let p be ((-4)/3)/(949/438 - (-3)/(-2)). Let w(j) = -6*j - 12. Give w(p).
0
Suppose -18*z - m = -15*z + 10, -5*m - 20 = 0. Let x(i) = 17*i + 8. What is x(z)?
-26
Let k(m) = -97*m + 10. Let v(u) = -1524*u + 159. Let o(j) = -63*k(j) + 4*v(j). Determine o(-1).
-9
Let o(i) be the second derivative of i**5/20 + i**4/6 + i**3/2 - 63*i**2/2 + 178*i + 15. Calculate o(0).
-63
Let c be (-4131)/(-255) - ((-22)/(-10) - 2). Let m(q) = 8*q - 124. Determine m(c).
4
Let c(f) be the second derivative of f**5/20 - f**4/4 - 16*f**3/3 + 31*f**2/2 + 487*f. Determine c(7).
3
Suppose 4*q = -r - 26, 0 = 3*q - 2*q - 3*r. Let b = 9 + q. Let f(v) = 0*v**2 + 2*v**2 + 3*v**2 + v**b + 0*v**3 - 1. Determine f(-5).
-1
Let g(t) = -2*t + 2155454 + t - 2155447. What is g(-3)?
10
Let m = 19 - 25. Let j be (-1)/6 + (-44)/24. Let l(s) = -13*s**2 - 24*s - 15. Let r(p) = -3*p**2 - 6*p - 4. Let c(b) = j*l(b) + 9*r(b). Determine c(m).
-6
Let g(a) = -9*a**3 + 21*a**2 - 40*a + 74. Let t(k) = 4*k**3 - 11*k**2 + 21*k - 36. Let s(m) = -3*g(m) - 7*t(m). What is s(12)?
-6
Let p(x) = -x**3 + 2*x**2 - 4*x + 1. Let v(a) = -24*a**2 + 3214*a + 270. Let r be v(134). Give p(r).
-7
Suppose 0 = 11*b - 16*b + 15. Let q(g) = -9*g**2 - g. Let r(n) = 10*n**2 + n. Let d(v) = b*r(v) + 4*q(v). Suppose 6*h = 4*h + 2. What is d(h)?
-7
Let q = -499 - -500. Let o(g) be the second derivative of -g**7/210 + g**5/120 + g**3/6 - 2*g. Let u(t) be the second derivative of o(t). Calculate u(q).
-3
Let x(u) = -24*u. Let l(h) = -33*h + 3. Let o(v) = 3*l(v) - 4*x(v). Calculate o(-7).
30
Let l(c) = c**3 + 20*c**2 + c + 19. Suppose 176*b - 180*b - 5*f - 80 = 0, -5*b - 100 = 5*f. Determine l(b).
-1
Let r = -9460 + 9466. Let a(f) = f**3 + 1. Let d be a(1). Let u(x) = 0*x - 4*x + 3*x - d + 1. What is u(r)?
-7
Suppose 6 = 15*y - 12*y. Let v(m) = 790 + m**2 - 401 - 388 - m**3 + 2*m. Determine v(y).
1
Let f be (19 + -21)*1/((-4)/16). Let d(n) = -n**2 + 8*n - 24. Calculate d(f).
-24
Let i be 0 - (95 + 3 + -2). Let t = 91 + i. Let n(j) = -2 - 3 - 2*j + 2 - j. Give n(t).
12
Let a(t) = -t - 3. Suppose -4*l - 70 = l + 5*r, 5*r = 5*l + 40. Let f = l - -8. Let m be ((-5)/15 - 2)/((-1)/f). What is a(m)?
4
Let q(i) = i**3 + 2*i**2 - 3*i + 2. Suppose -12*v - 480 = 12*v. Let k be 20/(-7) - v/(-140). Determine q(k).
2
Suppose 0 = -45*t + 47*t + 5*j - 1, -5*j + 7 = 4*t. Let n(k) = -5*k - t*k + 0*k - 7*k + 0*k. Give n(-3).
45
Let k(g) be the first derivative of g**2 + 3*g - 1. Suppose 8 = -2*q, 0 = 2*b + 2*q - 32. Let x(h) = 2*h**2 - 43*h + 57. Let r be x(b). What is k(r)?
-3
Let x = -7 + 10. Let m(l) = 0*l + x*l + l + 9 - l. Let g = -9 - -3. Calculate m(g).
-9
Let p(o) be the third derivative of 1/30*o**5 + 0*o + 90*o**2 + 2/3*o**3 + 0 - 1/6*o**4. What is p(4)?
20
Let w(n) = -9*n + 183. Let b be w(18). Let t(k) = 2*k - 58 + 21 + b + 21. Give t(-3).
-1
Let o(r) be the first derivative of 5*r**2/2 - 4*r - 7. Let x(y) = -y**2 - 2*y + 17. Let u be x(-4). Suppose 18*b - 15*b = -u. Determine o(b).
-19
Let o = 3 + 17. Suppose -40*b = -42 - 38. Suppose b*j = -4*q - o, -q + 2*j + j = -2. Let r(f) = f + 3. Determine r(q).
-1
Let i(v) be the third derivative of v**6/120 + 3*v**5/20 + v**4/24 + 3*v**3 - 294*v**2. What is i(-9)?
9
Suppose -19*d = -4*d - 15. Suppose t = 4*r - d, 2 = 4*t - 2*t - 4*r. Let u(z) = z**2 - 3*z. What is u(t)?
0
Let z(k) = 2*k - 10*k + 1 - 2*k + 4*k + 8*k. Suppose 11 = 4*x - 1. Suppose -4*n - 5*b + 22 = 0, 0*n - x = n - 3*b. Determine z(n).
7
Let m(z) = -z**3 - 7*z**2 - 8*z - 9. Suppose 2*t + 30 = -5*h, 2*t + 30 = -5*h + 6*t. Let r be m(h). Let c(l) = 24*l - r + 0*l**2 - 30*l - l**2. Give c(-4).
5
Suppose 35*o - 34*o - 7 = -4*w, 5*w - 5*o - 15 = 0. Let s(r) = -4*r**2 - 7 - r - w*r**2 + r**3 + 1. What is s(6)?
-12
Let v(b) = 3*b**2 + 33*b - 33. Suppose -6*u - 117 = 5*f, 20 + 28 = -u - 4*f. Calculate v(u).
3
Suppose 20 = 10*d - 5*d. Let x(b) = 6*b + 3. Let m(z) = -11*z - 4 + 1 - 1 - 1. Let i(o) = d*m(o) + 7*x(o). What is i(-6)?
13
Suppose 8*g = 6 + 34. Suppose g*k + 5*i = 9*k - 19, 4*i = -2*k + 16. Let s(u) = -2*u**2 + 6*u - 9. Give s(k).
-45
Let m(k) be the third derivative of k**6/120 - 7*k**5/60 - 7*k**4/24 - 2*k**3/3 + k**2. Let g = -187 - -163. Let b be (6 + -8)/(2*3/g). Calculate m(b).
4
Let m be (-9 - 4*(-6)/(-8)) + 3. Let g be m/2*(-1 - 1). Let o(q) = -q**3 + 14*q**2 - 6*q + 5. Let i(y) = y**2 - y - 1. Let l(k) = -5*i(k) + o(k). Give l(g).
1
Let s(l) = -607*l - 596*l - 563*l - l**2 + 1776*l + 35. Calculate s(-4).
-21
Let h(q) = 25*q - 1898 + 1943 + 31*q - 3*q. Give h(-1).
-8
Let x(l) = l**3 + l**2 + 13. Let z(h) = 34 - 14 - 20*h + 21 + h**2. Let o be z(18). Suppose o*t + t = 2*t. Calculate x(t).
13
Let a(i) = 10*i**2 + 23*i - 12. Let u(b) = 12*b**2 + 24*b - 11. Let l(n) = 7*a(n) - 6*u(n). Calculate l(9).
-27
Let m(l) = -19*l - 1. Suppose 2*c - 14 = 4*i, 557 = 2*i - 5*c + 560. Calculate m(i).
75
Let h(m) be the third derivative of 3*m**5/2 - m**4/8 + 2*m**3/3 + 4707*m**2. Calculate h(1).
91
Suppose 5*y - 80 = 20. Let q be (35 - 33)*(-3)/(-2). Suppose -23*i - q = -y*i. Let b(h) = -7*h**3 - h**2 - h. Give b(i).
7
Let a(r) = 2*r**3 - 26*r**2 + 2*r + 6. Let h(c) = 2*c**3 + 34*c**2 - 11*c - 174. Let l be h(-17). Determine a(l).
32
Let o(z) = -z**3 + 4*z**2 + 5*z + 10. Suppose -m - 9 = -2*r, 2*r - 3*r - 2*m = 8. Let k(x) = -x**2 + x. Let f(j) = r*k(j) - o(j). Give f(7).
18
Let f(d) = 2*d**2 - 62. Suppose 3 = -3*v - g, 23*g + 12 = v + 19*g. What is f(v)?
-62
Let k(f) be the first derivative of f**3/3 + 12*f**2 + 105*f - 127. Determine k(-18).
-3
Let f(t) = -2*t**3 + 12*t**2 + 12*t + 15. Let y be f(7). Let r(b) = 14*b**2 + 23*b + 5. Let a(v) = 7*v**2 + 13*v + 3. Let j(q) = 7*a(q) - 4*r(q). Give j(y).
-7
Let g(y) = 2*y - 2. Let a be g(2). Let q(f) = -a*f + 0*f - 3 - f**2 - f - 2*f**3. Let x(l) = l**2 - 249*l + 7308. Let u be x(34). What is q(u)?
15
Let u = 24065 + -24065. Let p(i) = -2*i**2 + i - 24. Calculate p(u).
-24
Let u(d) = -5*d + 40. Let x be (-6)/10*(-1040)/78. Calculate u(x).
0
Suppose d - 3*d = -5*q, q = -4*d. Let u(z) = -z**2 + 10. Let y(v) = 29 + 43*v - 3*v**2 - 43*v. Let w(f) = 17*u(f) - 6*y(f). Give w(q).
-4
Suppose 26 - 32 = -3*n. Let m(w) = -17*w**n - 4*w + 3*w**2 + 18*w**2 + 3 - 2*w**3. Suppose 3*r + 4*f = 2, -5*r - 6*f = -f - 5. Determine m(r).
-5
Suppose -117 = 45225*d - 45264*d. Let r(h) be the third derivative of -h**4/24 + 2*h**3/3 + h**2. Give r(d).
1
Let b(o) = 115*o**3 - 6*o**2 - 58*o**3 - 16*o - 55*o**3. Let n be b(-2). Let 